base 2.
101001010101011010011
What is 2102605 (base 7) in base 9?
425151
28627 (base 10) to base 11
1a565
410708 (base 13) to base 14
2b612c
-212312 (base 5) to base 4
-1300213
What is -1001001100011011010 (base 2) in base 5?
-34120044
1300c9 (base 13) to base 9
766064
Convert -46623 (base 13) to base 10.
-128469
-eaf5a (base 16) to base 15
-140249
-2302301220 (base 4) to base 14
-150c08
-21330543 (base 6) to base 16
-9ac5f
1260111 (base 7) to base 10
165726
Convert -101110001001000001 (base 2) to base 7.
-1415000
Convert -86329 (base 10) to base 13.
-303a9
Convert -2cbc25 (base 14) to base 6.
-53344505
What is 25093c (base 14) in base 2?
100110101111100101010
Convert 102424103 (base 5) to base 4.
1222132321
What is 112110212 (base 3) in base 10?
10553
What is 101113061 (base 7) in base 12?
1b87b22
1101311022 (base 4) to base 11
209908
153061 (base 9) to base 11
64772
Convert 1111010110001001010 (base 2) to base 13.
147b65
What is 1184a77 (base 12) in base 2?
1101000000010011111011
What is 231454 (base 10) in base 16?
3881e
Convert -4d7db0 (base 16) to base 12.
-184ab00
Convert 802211 (base 10) to base 11.
4a8793
10131356 (base 7) to base 5
204114314
Convert -144422243 (base 5) to base 8.
-2762662
What is -56066 (base 10) in base 12?
-28542
2119508 (base 10) to base 16
205754
Convert 4303344 (base 5) to base 16.
11a9d
Convert 201102221 (base 4) to base 7.
1105361
-1102302 (base 4) to base 2
-1010010110010
Convert -2121220212 (base 4) to base 13.
-190578
What is -5064 (base 11) in base 5?
-203400
404153 (base 7) to base 6
1245555
What is a0955 (base 14) in base 3?
201121111021
Convert -102101121000110 (base 3) to base 6.
-333433233
-c44 (base 13) to base 2
-100000100100
What is -21133 (base 12) in base 15?
-ccc3
What is 10100011111101001011 (base 2) in base 8?
2437513
-33b55 (base 14) to base 11
-864a3
What is 100111010000010000 (base 2) in base 15?
3298e
1100100000110001 (base 2) to base 4
30200301
101834 (base 9) to base 3
10001221011
Convert -3326512 (base 7) to base 10.
-410482
-12234321 (base 5) to base 6
-2310410
Convert 46872 (base 11) to base 14.
1a8c5
What is 10504673 (base 9) in base 8?
23305122
-1142102 (base 6) to base 8
-165266
-4ab9d4 (base 15) to base 13
-985ba0
Convert 2b6517 (base 12) to base 10.
736867
Convert -245a (base 13) to base 6.
-35453
Convert ec49 (base 15) to base 12.
24b43
What is -1b15b55 (base 13) in base 15?
-bbc8dc
What is 9917622 (base 10) in base 9?
20585370
105231 (base 9) to base 12
30484
Convert 2118324 (base 9) to base 10.
1134589
Convert 11101100100111010 (base 2) to base 8.
354472
94829 (base 11) to base 14
3847a
What is -122514 (base 10) in base 11?
-84057
Convert -11882 (base 14) to base 3.
-2011202202
Convert -332413110 (base 5) to base 12.
-59b872
5a609 (base 13) to base 10
165798
Convert 5030000 (base 8) to base 6.
44205012
Convert 831505 (base 15) to base 14.
b82ca8
Convert -a5a070 (base 13) to base 12.
-1370118
What is -caed (base 15) in base 14?
-11937
What is 723e8f (base 16) in base 9?
15071351
Convert -1506226 (base 7) to base 14.
-54416
Convert -8cc (base 14) to base 7.
-5045
Convert 102460123 (base 7) to base 8.
27146407
Convert 10001101100111111 (base 2) to base 13.
2700a
Convert -110100004 (base 5) to base 9.
-788260
-332003121 (base 5) to base 4
-11133003113
-aa421 (base 11) to base 14
-4256b
Convert 809bb9 (base 12) to base 5.
1003223213
What is 2333221312 (base 4) in base 12?
31a35a
ebe93 (base 15) to base 7
6240102
What is 14534351 (base 6) in base 15?
a1321
What is 1974c45 (base 13) in base 6?
455332450
What is -10614 (base 13) in base 12?
-15160
-1101012 (base 9) to base 11
-374222
What is -13353 (base 7) in base 5?
-103430
What is 22b5b (base 15) in base 11?
76080
Convert -12223021032 (base 4) to base 9.
-3255870
What is 740515 (base 8) in base 13?
88023
What is -15771508 (base 10) in base 13?
-336286c
What is 69754 (base 10) in base 15?
15a04
What is -5d398 (base 16) in base 3?
-201101210112
97875b (base 12) to base 8
11116467
What is -10204131 (base 6) in base 10?
-296407
What is 20088847 (base 9) in base 14?
13c78c5
Convert 24265065 (base 8) to base 7.
63231462
6633726 (base 9) to base 16
366759
12104345 (base 6) to base 15
782d5
-3541246 (base 8) to base 11
-600855
8dddc (base 15) to base 14
baa23
Convert -94197 (base 10) to base 5.
-11003242
-10011011101011011 (base 2) to base 9
-131303
What is -2570b (base 14) in base 10?
-91935
What is 36696 (base 11) in base 12?
26630
Convert 2302445 (base 6) to base 9.
187742
243978b (base 12) to base 16
6b841b
Convert d5c95 (base 14) to base 7.
4245145
Convert -37326 (base 9) to base 4.
-12013131
What is -1017c4 (base 13) in base 15?
-760dd
-1422211 (base 5) to base 9
-44638
What is 588ab (base 13) in base 15?
32e69
113210001 (base 4) to base 12
47a29
What is -1b55c (base 14) in base 3?
-10112120002
Convert -445c96 (base 14) to base 5.
-1043234124
What is 12352474 (base 8) in base 12?
b02678
-20421101 (base 5) to base 16
-298a7
Convert -104104221 (base 7) to base 3.
-102202201110010
2360033 (base 7) to base 3
120020201122
What is -125504414 (base 7) in base 3?
-120012210120002
32004040 (base 5) to base 16
40fa1
Convert 35135543 (base 6) to base 9.
2034680
What is a771 (base 13) in base 9?
34787
Convert 2cad0 (base 15) to base 5.
14103240
What is -26638 (base 9) in base 10?
-18017
Convert 1540903 (base 11) to base 2.
1010000011101010111000
-5d0c3 (base 16) to base 8
-1350303
What is -31302023 (base 4) in base 14?
-1680b
814390 (base 10) to base 8
3066466
-7017224 (base 11) to base 9
-25337085
Convert 79780 (base 11) to base 4.
130023021
Convert 422732 (base 11) to base 16.
a54a6
-1b7720 (base 13) to base 9
-1280027
What is 70642d (base 14) in base 13?
a25606
Convert 1608 (base 12) to base 14.
d3a
What is 7ee17 (base 15) in base 7?
3304111
What is -101110100100001011 (base 2) in base 9?
-320563
1020013332 (base 4) to base 3
120000020120
What is 867d2 (base 15) in base 13?
11c49b
8a49 (base 11) to base 4
2322013
What is 31004332 (base 5) in base 4?
331023200
-210122111220 (base 3) to base 6
-13044423
-22012222120 (base 3) to base 9
-265876
97458 (base 13) to base 2
1000010101100011001
-1335657 (base 13) to base 11
-3454853
What is 111101110101000111000 (base 2) in base 11?
1164215
37017173 (base 8) to base 10
8134267
Convert -21213230323 (base 4) to base 3.
-11202010102021
What is -71998 (base 15) in base 2?
-1010111110111101110
Convert -15b493 (base 14) to base 10.
-761001
What is -1713d (base 14) in base 10?
-57875
Convert -514152 (base 14) to base 3.
-12011010220022
a72a3 (base 11) to base 9
257084
What is -1db44 (base 16) in base 12?
-5a4b0
What is 52d741 (base 15) in base 10?
3943636
-37a82b7 (base 13) to base 5
-13422230102
Convert 752a9 (base 11) to base 12.
53453
What is 84c93 (base 13) in base 5?
30130144
Convert 205c1ac (base 13) to base 11.
55aa26a
-2450205 (base 6) to base 9
-218585
Convert -110202112022 (base 3) to base 8.
-752432
-142269 (base 10) to base 6
-3014353
What is 10010201022221 (base 3) in base 6?
55423424
What is -1011111101100101000 (base 2) in base 5?
-100020401
12100210210201 (base 3) to base 15
3b47b7
What is -1055217 (base 9) in base 8?
-2125405
Convert -43421b (base 15) to base 9.
-6022148
What is -2221204402 (base 5) in base 7?
-56235152
Convert -1231062 (base 8) to base 13.
-bbcc8
What is -55606 (base 16) in base 12?
-14a45a
Convert -12000002021002 (base 3) to base 8.
-12111046
Convert 16cb5 (base 16) to base 15.
1c9e5
-2140244 (base 10) to base 3
-11000201212022
What is a6af6 (base 16) in base 8?
2465366
12f2c3 (base 16) to base 2
100101111001011000011
What is 19b5b (base 12) in base 3?
1221001022
What is -10011100101000010010 (base 2) in base 10?
-641554
-20103013111 (base 4) to base 2
-1000010011000111010101
Convert -1577928 (base 11) to base 7.
-31601543
Convert 233430241 (base 5) to base 7.
12103533
-86b6 (base 13) to base 8
-44463
What is -1412012 (base 6) in base 16?
-13688
What is -e9d05 (base 15) in base 4?
-2311022213
What is -79371 (base 11) in base 10?
-114907
What is -3373015 (base 11) in base 5?
-3002414312
9a73a (base 14) to base 2
1011011011101010000
Convert -23bb241 (base 12) to base 13.
-159b84b
What is 120212212211 (base 3) in base 2?
1001100010101001111
Convert 10100100000001000110010